+ c. Is h a prime number?
False
Let a = -25 + 120. Suppose -2*z - a = -7*z. Is z composite?
False
Let z(h) = 11*h**2 + 2*h - 5. Is z(-6) prime?
True
Suppose -2*b + 2012 = 2*a, 5*a + 0*b - 5060 = b. Is a a composite number?
True
Suppose -3*f - 10966 = -4*l, 2*l - 3*l = 2*f - 2747. Is l prime?
False
Let b = 1673 - -60. Is b a prime number?
True
Suppose -2*s + 6 = 26. Let z = -6 - s. Suppose -3*c = z*f - 95 + 7, -2*f + 5*c + 18 = 0. Is f a prime number?
True
Suppose -59 = -2*q + q + 4*p, 0 = -4*q + 5*p + 214. Is q a prime number?
False
Let w = 666 - 137. Is w a prime number?
False
Suppose -5*i = u - 515, 3*u - i = 3*i + 1545. Is u prime?
False
Let x be -2 + 2 - 1*-9. Is 3/x - 735/(-9) composite?
True
Suppose -o + 3*v + 1 = 4, -3*o + 6 = -4*v. Is (-37)/(-2) - (-3)/o composite?
False
Suppose -59 = -2*j - 7. Suppose 35 = 5*r - 5*y, 0*r - 3*r + j = -4*y. Suppose -6*c + r*c + 276 = 0. Is c prime?
False
Let f be (13/(-3))/(7/21). Let w = f + 19. Is w a prime number?
False
Let j(d) = 4*d**2 + 6*d - 14. Let z be j(-6). Let h = z - 57. Is h a composite number?
False
Let f = -98 + 231. Is f prime?
False
Suppose 2*r = -2*r + 1292. Is r prime?
False
Suppose -3 + 5 = -v. Let k be (v - 1)/1 - -1. Is k/13 - 825/(-39) composite?
True
Suppose 5*q + d - 29936 = -0*d, d + 11973 = 2*q. Is q composite?
False
Let f = -1686 - -2363. Is f a composite number?
False
Let y = 5 + -3. Suppose -14 = -3*i - 5*s, -1 = -y*i + 3*s + 2*s. Is -182*2*i/(-12) a composite number?
True
Let s be (20/30)/(1/(-645)). Let m = -219 - s. Is m a prime number?
True
Let m be (21/28)/((-1)/4). Let o be (-3)/m + 1 + 3. Suppose 0 = o*d - 44 - 26. Is d a prime number?
False
Is (-2972)/(-8) - (-6)/4 composite?
False
Let w be (-858)/(-8) - 3/12. Let u = 345 - w. Suppose -2*c = -2*a + 2*c + 98, 5*a = 3*c + u. Is a a prime number?
True
Let r(d) = d**3 + 6*d**2 - 2*d - 2. Let i(p) = -2*p**3 - 11*p**2 + 5*p + 4. Let v(n) = 4*i(n) + 7*r(n). Is v(-5) composite?
False
Suppose -r + 4 = 3*r. Let a be (-2 + r)*-6 - 1. Is ((-14)/a)/(2/(-10)) a prime number?
False
Suppose -2*h = -g - 422, g - 844 = -4*h - 0*g. Is h a composite number?
False
Let k be (-2 + 1 - 3)*-2. Let q(x) = 11*x - 9. Is q(k) a prime number?
True
Suppose -2*f + 3*z = f - 4545, -f + 1495 = 4*z. Is f composite?
False
Is (27/36)/(2/584) a prime number?
False
Let t = 11 - 11. Let b(z) = z**2 + z + 167. Is b(t) a prime number?
True
Let t = 9 + -7. Suppose -7 - 87 = -t*g. Is g composite?
False
Suppose 0 = 5*k - 4*k - 1. Let m be k/(-3) + 10/3. Suppose -m*f + 115 - 4 = 0. Is f a composite number?
False
Let d = -95 - -736. Is d prime?
True
Suppose -5 = -3*h + 4. Suppose 332 = h*f + 5*c - 710, 4*f = -5*c + 1381. Let i = f - 208. Is i prime?
True
Suppose -5*t + 5329 = 3*r, -t - 4*r + 8*r + 1075 = 0. Is t composite?
True
Suppose 134 = u - k - 106, 0 = -2*u - 5*k + 459. Is u composite?
True
Let j(i) = 10*i + 5. Let k(w) = -21*w - 9. Let d(z) = 5*j(z) + 2*k(z). Is d(9) composite?
False
Let t(j) = -j - 8. Let d be t(-7). Let b(r) = 57*r**2 - r. Is b(d) composite?
True
Let p be (2 - -1) + (2 - 3). Suppose z - 13 = p. Is z a prime number?
False
Suppose -v = 3*h - 27 - 59, 5*v - 2*h - 447 = 0. Is v composite?
False
Suppose 0 = -0*g + g - 42. Suppose -58 = 2*a + j, 2*a + j = -j - 62. Let c = g + a. Is c a composite number?
True
Is (-2)/3 + (808/(-6))/(-1) a prime number?
False
Let z(t) = t**3 - 6*t**2 + 4*t + 7. Let q be z(5). Is 3 - (-176 + (4 - q)) composite?
True
Suppose 0 = -2*g + 7*g + 430. Let z be 0 - (-6 - -1*1). Let f = z - g. Is f a prime number?
False
Suppose 0 = 5*r + 4*z - 240, 0 = -2*r + r + 2*z + 62. Suppose -p + r = p. Is p prime?
False
Let o(b) = b**2 - 3*b - 7. Let g(f) = -f**2 + 5*f + 18. Let w be g(8). Is o(w) prime?
True
Let r = 175 - 266. Let s = -30 - r. Suppose 4*v = -2*m - m + 62, 5*v - s = -3*m. Is m prime?
False
Suppose 0*a = -3*a - 2367. Is 1/(((-9)/a)/3) composite?
False
Suppose -6*a + a = 395. Let c = a - -234. Is c prime?
False
Let r = -9 + -1. Let m = 16 + r. Is m prime?
False
Let d = 1097 - 610. Is d a prime number?
True
Suppose -3*q = -2*n - 0*n + 161, 2*n - 156 = -2*q. Is n a composite number?
False
Let k(n) = 5*n**3 - 5*n**2 - 2. Let f(x) = 2*x**3 - 3*x**2 - 1. Let g(v) = -7*f(v) + 4*k(v). Let l(z) = -z + 8. Let m be l(7). Is g(m) prime?
False
Suppose -5*h + 0*h + 16 = -2*v, 16 = 4*v + 2*h. Suppose -v - 65 = -j. Is j a prime number?
True
Let k = -640 - -1323. Is k a prime number?
True
Let w(z) be the second derivative of 199*z**3/3 - z**2/2 - 8*z. Is w(1) a composite number?
False
Suppose -2 = -d - 0. Suppose -63 = -d*f + 47. Is f a composite number?
True
Suppose n - 1 - 6 = 0. Is n a prime number?
True
Is -3*(-8)/36 + (-9489)/(-9) composite?
True
Suppose -3 = -n - 1. Suppose -p = -n*p + 11. Suppose 0 = m - p - 8. Is m prime?
True
Suppose -6*i = -3*i - 171. Is i a composite number?
True
Is (-4)/1 + (287 - 18) a prime number?
False
Is (5/(-10)*-6)/(3/4) prime?
False
Suppose -w + 434 = -2*u, -w + 4*u + 0*u + 444 = 0. Let v = w - 233. Is v composite?
False
Let t(z) be the third derivative of z**5/60 + z**4/12 + z**3/6 + z**2. Let o be 5 + 4/(8/2). Is t(o) composite?
True
Suppose -m = -i + 59, i - 482 + 175 = 5*m. Let z = m - -113. Is z prime?
False
Let u(z) = 206*z**2 + 2*z + 1. Is u(-1) composite?
True
Suppose -2*p + 888 + 1070 = 0. Suppose -p - 1806 = -5*c. Is c prime?
True
Suppose 0 = -5*m - 3*l - 7, 3*l + 1 = m + 6*l. Is (79*(0 - m))/2 a prime number?
True
Suppose 7*m = 4*m + 789. Is m a composite number?
False
Let k be 0*(-1)/3*1. Is 3/(-3 - k) - -132 composite?
False
Let y be (-1 - (-40)/(-6))*-3. Let t be 1 - (0/(-2) + 1). Suppose t = 4*b - 5 - y. Is b prime?
True
Let d = 88 - 202. Let c be 18/4*10/5. Is (-24)/c*d/8 a composite number?
True
Suppose 3*m + 2*z - 45 = 2, -4*m + 2*z = -86. Suppose 0 = f - m - 36. Is f composite?
True
Suppose -b = -492 - 710. Let r = b - 387. Is r composite?
True
Suppose -k + 6 - 1 = 0. Is (-4)/k*(-50)/4 composite?
True
Let r be -282 - -4*3/(-6). Let b = 433 + r. Is b a composite number?
False
Let y = 11 - 8. Suppose 0 = y*l - 0*l - 57. Is l a prime number?
True
Let n = 4 - 3. Let o(j) = -187*j**2 + 3. Let g(b) = -281*b**2 + 4. Let v(y) = -5*g(y) + 7*o(y). Is v(n) a composite number?
False
Let y(l) = 5*l**3 + 6*l**2 + l - 3. Let q(t) = -6*t**3 - 7*t**2 - 2*t + 4. Let c(w) = -4*q(w) - 5*y(w). Is c(-4) a prime number?
True
Let b(p) = p**2 + 12*p + 15. Let v be b(-11). Let s = 11 - v. Is s prime?
True
Let k = -4 - -6. Suppose 15 + 27 = k*f. Let u = f - -1. Is u composite?
True
Let l = -147 + 251. Let m = l - -87. Is m composite?
False
Let s be (-6)/15 + 906/15. Let w = s - -61. Is w a composite number?
True
Let y = -30 + 16. Let w be y/(-49) - (-33)/7. Suppose -w*o = -2*o - 741. Is o a composite number?
True
Suppose 2*d = -4*v + 12, -3*d - 5 = 2*v - 19. Let u(f) = 8*f**2 - 3*f - 3. Is u(d) composite?
False
Let o = 24 + 50. Is o composite?
True
Suppose -3*k + 5 = -13. Let p be -1 + k + 0 + 0. Suppose 0 = -2*n + p*n - 63. Is n a composite number?
True
Let j(l) = 94*l**3 - 9*l**2 + 14*l + 9. Is j(4) a prime number?
False
Suppose 3*d = -2*d + 2*i + 633, 4*d - 509 = -i. Is d prime?
True
Let f(z) = -z - 8. Is f(-11) prime?
True
Suppose 1 = -r, 0 = -6*q + q - 4*r + 591. Is q a prime number?
False
Suppose 6*k = 2*k + 372. Is k composite?
True
Is (-1 + -2)/((-9)/111) a composite number?
False
Let s = 39 - 28. Let n = 7 + s. Suppose 2*q - n - 32 = 0. Is q composite?
True
Let u be (-26)/(-8) - 5/20. Let f(b) = -b**2 + 4*b + 3. Let m be f(u). Suppose 0 = m*y - 4*y - 46. Is y a prime number?
True
Let o(h) = -h. Let l(k) = -3*k. Let i(r) = -4*l(r) + 9*o(r). Let q = -1 - -3. Is i(q) a composite number?
True
Is -2*(-4 + -7) - 0 a composite number?
True
Let q(b) be the first derivative of 17*b**2/2 - 4*b + 1. Let g(r) = -r + 9. Let k be g(0). Is q(k) composite?
False
Let f be -1 + (2 - (-334)/2). Suppose 34 = r - 3*v, v - f = -4*r + 33. Is r prime?
False
Suppose -2*m - 3*r = -15, 4*r - r - 21 = -3*m. Let z(s) = 3*s**2 + 2*s + 7. Is z(m) a composite number?
False
Suppose -4*u = -1485 + 129. Is u a prime number?
False
Let d = 207 - -380. Is d composite?
False
Suppose w + 4*j = -0*j + 50, 0 = -4*w + 2*j + 200. Let k = w - -35. Is k a composite number?
True
Suppose -y = 4*b + 26, 2*b - 3*y - 1 = -7. Let p(c) = -